[INFO] fetching crate nixpacks 1.9.0...
[INFO] checking nixpacks-1.9.0 against master#e6e4f7ed1589e03bc2f6c5931c1a72e7947e8682 for beta-170-4
[INFO] extracting crate nixpacks 1.9.0 into /workspace/builds/worker-6-tc2/source
[INFO] validating manifest of crates.io crate nixpacks 1.9.0 on toolchain e6e4f7ed1589e03bc2f6c5931c1a72e7947e8682
[INFO] running `Command { std: CARGO_HOME="/workspace/cargo-home" RUSTUP_HOME="/workspace/rustup-home" "/workspace/cargo-home/bin/cargo" "+e6e4f7ed1589e03bc2f6c5931c1a72e7947e8682" "metadata" "--manifest-path" "Cargo.toml" "--no-deps", kill_on_drop: false }`
[INFO] removed /workspace/builds/worker-6-tc2/source/.cargo/config.toml
[INFO] started tweaking crates.io crate nixpacks 1.9.0
[INFO] finished tweaking crates.io crate nixpacks 1.9.0
[INFO] tweaked toml for crates.io crate nixpacks 1.9.0 written to /workspace/builds/worker-6-tc2/source/Cargo.toml
[INFO] crate crates.io crate nixpacks 1.9.0 already has a lockfile, it will not be regenerated
[INFO] running `Command { std: CARGO_HOME="/workspace/cargo-home" RUSTUP_HOME="/workspace/rustup-home" "/workspace/cargo-home/bin/cargo" "+e6e4f7ed1589e03bc2f6c5931c1a72e7947e8682" "fetch" "--manifest-path" "Cargo.toml", kill_on_drop: false }`
[INFO] running `Command { std: "docker" "create" "-v" "/var/lib/crater-agent-workspace/builds/worker-6-tc2/target:/opt/rustwide/target:rw,Z" "-v" "/var/lib/crater-agent-workspace/builds/worker-6-tc2/source:/opt/rustwide/workdir:ro,Z" "-v" "/var/lib/crater-agent-workspace/cargo-home:/opt/rustwide/cargo-home:ro,Z" "-v" "/var/lib/crater-agent-workspace/rustup-home:/opt/rustwide/rustup-home:ro,Z" "-e" "SOURCE_DIR=/opt/rustwide/workdir" "-e" "CARGO_TARGET_DIR=/opt/rustwide/target" "-e" "CARGO_HOME=/opt/rustwide/cargo-home" "-e" "RUSTUP_HOME=/opt/rustwide/rustup-home" "-w" "/opt/rustwide/workdir" "-m" "1610612736" "--user" "0:0" "--network" "none" "ghcr.io/rust-lang/crates-build-env/linux@sha256:19e73879b68f455e41552ea35293514db52ea292d993f571636dbffedb77a1ee" "/opt/rustwide/cargo-home/bin/cargo" "+e6e4f7ed1589e03bc2f6c5931c1a72e7947e8682" "metadata" "--no-deps" "--format-version=1", kill_on_drop: false }`
[INFO] [stdout] 37f580dbdfdd03f618d764ad48d275b2e7527380f853437bd82b0ffacacae2ae
[INFO] running `Command { std: "docker" "start" "-a" "37f580dbdfdd03f618d764ad48d275b2e7527380f853437bd82b0ffacacae2ae", kill_on_drop: false }`
[INFO] running `Command { std: "docker" "inspect" "37f580dbdfdd03f618d764ad48d275b2e7527380f853437bd82b0ffacacae2ae", kill_on_drop: false }`
[INFO] running `Command { std: "docker" "rm" "-f" "37f580dbdfdd03f618d764ad48d275b2e7527380f853437bd82b0ffacacae2ae", kill_on_drop: false }`
[INFO] [stdout] 37f580dbdfdd03f618d764ad48d275b2e7527380f853437bd82b0ffacacae2ae
[INFO] running `Command { std: "docker" "create" "-v" "/var/lib/crater-agent-workspace/builds/worker-6-tc2/target:/opt/rustwide/target:rw,Z" "-v" "/var/lib/crater-agent-workspace/builds/worker-6-tc2/source:/opt/rustwide/workdir:ro,Z" "-v" "/var/lib/crater-agent-workspace/cargo-home:/opt/rustwide/cargo-home:ro,Z" "-v" "/var/lib/crater-agent-workspace/rustup-home:/opt/rustwide/rustup-home:ro,Z" "-e" "SOURCE_DIR=/opt/rustwide/workdir" "-e" "CARGO_TARGET_DIR=/opt/rustwide/target" "-e" "CARGO_INCREMENTAL=0" "-e" "RUST_BACKTRACE=full" "-e" "RUSTFLAGS=--cap-lints=forbid" "-e" "RUSTDOCFLAGS=--cap-lints=forbid" "-e" "CARGO_HOME=/opt/rustwide/cargo-home" "-e" "RUSTUP_HOME=/opt/rustwide/rustup-home" "-w" "/opt/rustwide/workdir" "-m" "1610612736" "--user" "0:0" "--network" "none" "ghcr.io/rust-lang/crates-build-env/linux@sha256:19e73879b68f455e41552ea35293514db52ea292d993f571636dbffedb77a1ee" "/opt/rustwide/cargo-home/bin/cargo" "+e6e4f7ed1589e03bc2f6c5931c1a72e7947e8682" "check" "--frozen" "--all" "--all-targets" "--message-format=json", kill_on_drop: false }`
[INFO] [stdout] 44c7a138818cd751ab3d31010b3f00874f158ece29bf9d50f4a45da8f4dfdccc
[INFO] running `Command { std: "docker" "start" "-a" "44c7a138818cd751ab3d31010b3f00874f158ece29bf9d50f4a45da8f4dfdccc", kill_on_drop: false }`
[INFO] [stderr]    Compiling proc-macro2 v1.0.49
[INFO] [stderr]    Compiling syn v1.0.107
[INFO] [stderr]    Compiling libc v0.2.138
[INFO] [stderr]     Checking once_cell v1.16.0
[INFO] [stderr]    Compiling futures-core v0.3.25
[INFO] [stderr]    Compiling serde_derive v1.0.151
[INFO] [stderr]    Compiling serde v1.0.151
[INFO] [stderr]     Checking futures-sink v0.3.25
[INFO] [stderr]     Checking bytes v1.3.0
[INFO] [stderr]    Compiling parking_lot_core v0.9.5
[INFO] [stderr]    Compiling futures-task v0.3.25
[INFO] [stderr]    Compiling futures-channel v0.3.25
[INFO] [stderr]    Compiling tokio v1.23.0
[INFO] [stderr]    Compiling futures-util v0.3.25
[INFO] [stderr]     Checking tracing-core v0.1.30
[INFO] [stderr]     Checking futures-io v0.3.25
[INFO] [stderr]     Checking generic-array v0.14.6
[INFO] [stderr]     Checking aho-corasick v0.7.20
[INFO] [stderr]    Compiling indexmap v1.9.2
[INFO] [stderr]    Compiling quote v1.0.23
[INFO] [stderr]    Compiling jobserver v0.1.25
[INFO] [stderr]    Compiling cc v1.0.78
[INFO] [stderr]     Checking tracing v0.1.37
[INFO] [stderr]     Checking regex v1.7.0
[INFO] [stderr]    Compiling zstd-safe v5.0.2+zstd.1.5.2
[INFO] [stderr]     Checking alloc-no-stdlib v2.0.4
[INFO] [stderr]    Compiling io-lifetimes v1.0.3
[INFO] [stderr]     Checking local-waker v0.1.3
[INFO] [stderr]     Checking signal-hook-registry v1.4.0
[INFO] [stderr]     Checking num_cpus v1.15.0
[INFO] [stderr]     Checking socket2 v0.4.7
[INFO] [stderr]     Checking getrandom v0.2.8
[INFO] [stderr]     Checking parking_lot v0.12.1
[INFO] [stderr]     Checking mio v0.8.5
[INFO] [stderr]     Checking rand_core v0.6.4
[INFO] [stderr]     Checking alloc-stdlib v0.2.2
[INFO] [stderr]     Checking crypto-common v0.1.6
[INFO] [stderr]     Checking rand_chacha v0.3.1
[INFO] [stderr]     Checking block-buffer v0.10.3
[INFO] [stderr]     Checking http v0.2.8
[INFO] [stderr]    Compiling encoding_rs v0.8.31
[INFO] [stderr]    Compiling pin-project-lite v0.2.9
[INFO] [stderr]    Compiling rustix v0.36.5
[INFO] [stderr]     Checking rand v0.8.5
[INFO] [stderr]    Compiling time-macros v0.2.6
[INFO] [stderr]    Compiling zstd-sys v2.0.4+zstd.1.5.2
[INFO] [stderr]     Checking digest v0.10.6
[INFO] [stderr]     Checking actix-service v2.0.2
[INFO] [stderr]    Compiling proc-macro-error-attr v1.0.4
[INFO] [stderr]     Checking brotli-decompressor v2.3.2
[INFO] [stderr]     Checking actix-utils v3.0.1
[INFO] [stderr]    Compiling bytestring v1.2.0
[INFO] [stderr]    Compiling cookie v0.16.2
[INFO] [stderr]    Compiling serde_json v1.0.91
[INFO] [stderr]     Checking linux-raw-sys v0.1.4
[INFO] [stderr]     Checking cpufeatures v0.2.5
[INFO] [stderr]    Compiling convert_case v0.4.0
[INFO] [stderr]     Checking sha1 v0.10.5
[INFO] [stderr]     Checking brotli v3.3.4
[INFO] [stderr]     Checking time v0.3.17
[INFO] [stderr]     Checking ahash v0.7.6
[INFO] [stderr]     Checking terminal_size v0.1.17
[INFO] [stderr]     Checking bstr v0.2.17
[INFO] [stderr]    Compiling async-trait v0.1.60
[INFO] [stderr]    Compiling darling_core v0.14.2
[INFO] [stderr]    Compiling proc-macro-error v1.0.4
[INFO] [stderr]     Checking os_str_bytes v6.4.1
[INFO] [stderr]    Compiling anyhow v1.0.68
[INFO] [stderr]     Checking minimal-lexical v0.2.1
[INFO] [stderr]    Compiling semver v1.0.16
[INFO] [stderr]     Checking language-tags v0.3.2
[INFO] [stderr]     Checking nom v7.1.3
[INFO] [stderr]     Checking clap_lex v0.3.0
[INFO] [stderr]     Checking is-terminal v0.4.2
[INFO] [stderr]     Checking globset v0.4.9
[INFO] [stderr]     Checking console v0.15.2
[INFO] [stderr]     Checking rand v0.4.6
[INFO] [stderr]     Checking atty v0.2.14
[INFO] [stderr]     Checking thread_local v1.1.4
[INFO] [stderr]     Checking unsafe-libyaml v0.2.5
[INFO] [stderr]    Compiling actix-router v0.5.1
[INFO] [stderr]     Checking bytecount v0.6.3
[INFO] [stderr]     Checking ignore v0.4.18
[INFO] [stderr]     Checking tempdir v0.3.7
[INFO] [stderr]     Checking colored v2.0.0
[INFO] [stderr]     Checking portpicker v0.1.1
[INFO] [stderr]     Checking sanitize-filename v0.4.0
[INFO] [stderr]     Checking uuid v1.2.2
[INFO] [stderr]     Checking wait-timeout v0.2.0
[INFO] [stderr]    Compiling indoc v1.0.8
[INFO] [stderr]     Checking box_drawing v0.1.2
[INFO] [stderr]     Checking path-slash v0.2.1
[INFO] [stderr]     Checking base64 v0.20.0
[INFO] [stderr]     Checking textwrap v0.16.0
[INFO] [stderr]     Checking linked-hash-map v0.5.6
[INFO] [stderr]     Checking similar v2.2.1
[INFO] [stderr]     Checking yaml-rust v0.4.5
[INFO] [stderr]    Compiling thiserror-impl v1.0.38
[INFO] [stderr]    Compiling futures-macro v0.3.25
[INFO] [stderr]    Compiling tokio-macros v1.8.2
[INFO] [stderr]    Compiling darling_macro v0.14.2
[INFO] [stderr]    Compiling miette-derive v5.6.0
[INFO] [stderr]    Compiling derive_more v0.99.17
[INFO] [stderr]    Compiling darling v0.14.2
[INFO] [stderr]    Compiling serde_with_macros v2.1.0
[INFO] [stderr]     Checking thiserror v1.0.38
[INFO] [stderr]    Compiling pest v2.5.1
[INFO] [stderr]     Checking miette v5.6.0
[INFO] [stderr]    Compiling pest_meta v2.5.1
[INFO] [stderr]    Compiling actix-web-codegen v4.1.0
[INFO] [stderr]    Compiling clap_derive v4.0.21
[INFO] [stderr]    Compiling actix-macros v0.2.3
[INFO] [stderr]    Compiling pest_generator v2.5.1
[INFO] [stderr]     Checking local-channel v0.1.3
[INFO] [stderr]     Checking futures-executor v0.3.25
[INFO] [stderr]     Checking futures v0.3.25
[INFO] [stderr]     Checking tokio-util v0.7.4
[INFO] [stderr]     Checking actix-rt v2.7.0
[INFO] [stderr]     Checking actix-server v2.1.1
[INFO] [stderr]    Compiling pest_derive v2.5.1
[INFO] [stderr]     Checking actix-codec v0.5.0
[INFO] [stderr]     Checking h2 v0.3.15
[INFO] [stderr]     Checking clap v4.0.30
[INFO] [stderr]     Checking dotenv-parser v0.1.3
[INFO] [stderr]     Checking zstd v0.11.2+zstd.1.5.2
[INFO] [stderr]     Checking toml v0.5.10
[INFO] [stderr]     Checking serde_urlencoded v0.7.1
[INFO] [stderr]     Checking serde_with v2.1.0
[INFO] [stderr]     Checking node-semver v2.1.0
[INFO] [stderr]     Checking serde_yaml v0.9.16
[INFO] [stderr]     Checking insta v1.23.0
[INFO] [stderr]     Checking cargo_toml v0.13.0
[INFO] [stderr]     Checking actix-http v3.2.2
[INFO] [stderr]     Checking actix-web v4.2.1
[INFO] [stderr]     Checking nixpacks v1.9.0 (/opt/rustwide/workdir)
[INFO] [stdout] error[E0433]: failed to resolve: use of undeclared crate or module `test_helper`
[INFO] [stdout]  --> tests/generate_plan_tests.rs:4:1
[INFO] [stdout]   |
[INFO] [stdout] 4 | test_helper::generate_plan_tests!();
[INFO] [stdout]   | ^^^^^^^^^^^ use of undeclared crate or module `test_helper`
[INFO] [stdout] 
[INFO] [stdout] 
[INFO] [stdout] error: cannot find macro `assert_plan_snapshot` in this scope
[INFO] [stdout]   --> tests/generate_plan_tests.rs:18:5
[INFO] [stdout]    |
[INFO] [stdout] 18 |     assert_plan_snapshot!(plan);
[INFO] [stdout]    |     ^^^^^^^^^^^^^^^^^^^^
[INFO] [stdout] 
[INFO] [stdout] 
[INFO] [stdout] error: cannot find macro `assert_plan_snapshot` in this scope
[INFO] [stdout]   --> tests/generate_plan_tests.rs:73:5
[INFO] [stdout]    |
[INFO] [stdout] 73 |     assert_plan_snapshot!(plan);
[INFO] [stdout]    |     ^^^^^^^^^^^^^^^^^^^^
[INFO] [stdout] 
[INFO] [stdout] 
[INFO] [stdout] error[E0425]: cannot find function `simple_gen_plan` in this scope
[INFO] [stdout]   --> tests/generate_plan_tests.rs:23:16
[INFO] [stdout]    |
[INFO] [stdout] 23 |     let plan = simple_gen_plan("./examples/rust-custom-version");
[INFO] [stdout]    |                ^^^^^^^^^^^^^^^ not found in this scope
[INFO] [stdout] 
[INFO] [stdout] 
[INFO] [stdout] error[E0425]: cannot find function `simple_gen_plan` in this scope
[INFO] [stdout]   --> tests/generate_plan_tests.rs:48:16
[INFO] [stdout]    |
[INFO] [stdout] 48 |     let plan = simple_gen_plan("./examples/rust-rocket");
[INFO] [stdout]    |                ^^^^^^^^^^^^^^^ not found in this scope
[INFO] [stdout] 
[INFO] [stdout] 
[INFO] [stdout] error[E0425]: cannot find function `simple_gen_plan` in this scope
[INFO] [stdout]   --> tests/generate_plan_tests.rs:78:16
[INFO] [stdout]    |
[INFO] [stdout] 78 |     let plan = simple_gen_plan("./examples/rust-cargo-workspaces");
[INFO] [stdout]    |                ^^^^^^^^^^^^^^^ not found in this scope
[INFO] [stdout] 
[INFO] [stdout] 
[INFO] [stdout] error[E0425]: cannot find function `simple_gen_plan` in this scope
[INFO] [stdout]   --> tests/generate_plan_tests.rs:89:16
[INFO] [stdout]    |
[INFO] [stdout] 89 |     let plan = simple_gen_plan("./examples/rust-multiple-bins");
[INFO] [stdout]    |                ^^^^^^^^^^^^^^^ not found in this scope
[INFO] [stdout] 
[INFO] [stdout] 
[INFO] [stdout] error[E0425]: cannot find function `simple_gen_plan` in this scope
[INFO] [stdout]   --> tests/generate_plan_tests.rs:97:16
[INFO] [stdout]    |
[INFO] [stdout] 97 |     let plan = simple_gen_plan("./examples/haskell-stack");
[INFO] [stdout]    |                ^^^^^^^^^^^^^^^ not found in this scope
[INFO] [stdout] 
[INFO] [stdout] 
[INFO] [stdout] error[E0425]: cannot find function `simple_gen_plan` in this scope
[INFO] [stdout]    --> tests/generate_plan_tests.rs:113:16
[INFO] [stdout]     |
[INFO] [stdout] 113 |     let plan = simple_gen_plan("./examples/zig-gyro");
[INFO] [stdout]     |                ^^^^^^^^^^^^^^^ not found in this scope
[INFO] [stdout] 
[INFO] [stdout] 
[INFO] [stdout] error: aborting due to 9 previous errors
[INFO] [stdout] 
[INFO] [stdout] 
[INFO] [stdout] Some errors have detailed explanations: E0425, E0433.
[INFO] [stdout] 
[INFO] [stdout] For more information about an error, try `rustc --explain E0425`.
[INFO] [stdout] 
[INFO] [stderr] error: could not compile `nixpacks` (test "generate_plan_tests") due to 10 previous errors
[INFO] [stderr] warning: build failed, waiting for other jobs to finish...
[INFO] running `Command { std: "docker" "inspect" "44c7a138818cd751ab3d31010b3f00874f158ece29bf9d50f4a45da8f4dfdccc", kill_on_drop: false }`
[INFO] running `Command { std: "docker" "rm" "-f" "44c7a138818cd751ab3d31010b3f00874f158ece29bf9d50f4a45da8f4dfdccc", kill_on_drop: false }`
[INFO] [stdout] 44c7a138818cd751ab3d31010b3f00874f158ece29bf9d50f4a45da8f4dfdccc
